2. List the prime factors of 52 + -9 - (a - -2).
2, 3, 7
Let n be (0 - (-4 - 0)) + -7. Let s(k) = -2*k**2 - 6*k - 4. Let d be s(-4). What are the prime factors of n + d*4/(-6)?
5
Let b be (1 - -231)*(-2)/(-4). Let u(k) = -99*k + 1094. Let d be u(11). Suppose 2*a = 5*z + 44, b = d*a - a - 3*z. List the prime factors of a.
2
List the prime factors of 17784/20*2*20/16.
3, 13, 19
Suppose -3*f + d + 33 = 2*d, 42 = 3*f + 4*d. Let n = 1 - 2. Let h = f - n. List the prime factors of h.
11
Let p = 45 - 25. Suppose -4*v - 20 = a + v, 3*a - 5*v = p. Suppose 2*c = 6 - a. List the prime factors of c.
3
Let v = 652 - 409. What are the prime factors of v?
3
Let c be (-1 - 11)/((-21)/14). Let p = 9 - c. What are the prime factors of (32/6)/(p/3)?
2
Suppose 12 = 4*i - 5*y, 0*i + 3 = i - 4*y. Suppose -150 = -2*s + i*d + 115, 402 = 3*s - 3*d. Let c = s + -98. List the prime factors of c.
3, 13
Suppose r + 3*l + 61 = 0, -2*r + 6*r + 224 = -2*l. Let v be ((-22)/r)/((-1)/(-10)). Suppose 16 = -v*u, 2*u + 81 = 3*h - u. List the prime factors of h.
23
Let f(a) = -2*a**3 - 10*a**2 - 7*a - 12. Let s be f(-7). Suppose 0 = 5*m + 4*v - s, -5*v - 35 = -2*m + m. Let j = m + 13. What are the prime factors of j?
2, 29
Let t be (-42)/7*(-2)/3. Suppose -t*h = -3*u + 27, 7*u = 2*u + 5. Let o = h + 15. What are the prime factors of o?
3
List the prime factors of (-36 - 3)/(9/(-78)).
2, 13
Suppose 0 = -3*q + 2*k - 712, -3*q - 7*k + 8*k = 710. List the prime factors of (-6)/2*q/12.
59
Suppose -18*a + 11362 = -5*a. What are the prime factors of a?
2, 19, 23
Let c(l) = -58*l - 2. Let d be c(-3). Suppose -6 = 3*y, -5*i = -0*i + 4*y - d. What are the prime factors of i?
2, 3
Let a(l) = l**3 - 4*l**2 + 3*l + 3. Let d be a(4). What are the prime factors of 2036/30 - (-2)/d?
2, 17
Let b be (-16)/3*(-27)/(-12). Let p = b + 16. Let c(z) = 12*z - 2. What are the prime factors of c(p)?
2, 23
What are the prime factors of (-2)/3*-225 - -7?
157
Let g(a) be the third derivative of -a**6/120 + 7*a**5/60 + 5*a**4/24 - 3*a**3/2 + 15*a**2. What are the prime factors of g(6)?
3, 19
Let p = -868 - -1270. What are the prime factors of p?
2, 3, 67
Let z(s) = 4*s - 1. Let g(v) = 7*v - 5. Let i be g(-7). Let d be (-70)/(-12) + (-9)/i. What are the prime factors of z(d)?
23
Let j(r) = -r**3 - 13*r**2 + 29*r - 26. List the prime factors of j(-17).
7, 13
Suppose -11*k + 1927 = -5003. Suppose 5*q + 4*h = k, -2*q - q - 3*h + 378 = 0. List the prime factors of q.
2, 3, 7
Suppose -b = -y - 46 - 9, 0 = b + 2*y - 46. Suppose 0 = 3*t + 7 - b. Suppose t = 3*i, 0*g + 5*i - 93 = -2*g. List the prime factors of g.
2, 17
Suppose 3*w = -2*m - 2*w + 192, 480 = 5*m - 5*w. What are the prime factors of (m/(-15))/(3/(-15))?
2
Suppose -2*q = 2*b - 460, 5*b - 4*q - 904 = b. What are the prime factors of b?
2, 3, 19
What are the prime factors of (37 + -40)/(3/(-1894))?
2, 947
Suppose 5*s - l - 131 = 0, 2*l - 102 = -2*s - 2*s. Let t = 97 - s. What are the prime factors of t?
71
Let d be (2/12)/((-27)/(-324)). Let c(y) = -15*y + 6. Let r be c(-6). Suppose -d*j - j = -r. What are the prime factors of j?
2
Suppose s - 1102 = 4*w, 5*s + 1739 = -w + 7207. What are the prime factors of s?
2, 547
Let y(u) = 4*u. Let h be y(-5). Let o = h - -33. What are the prime factors of o?
13
Suppose 79 - 323 = q. Let g = 364 + q. What are the prime factors of g?
2, 3, 5
Suppose -264292 = -51*r - 13168. List the prime factors of r.
2, 1231
Suppose 4*x = 4*o + 5692, -5*x + o - 6*o = -7065. List the prime factors of x.
2, 709
Let z = -73 - -233. Let a = z - 79. What are the prime factors of a?
3
Let b(f) = 14*f - 1. Let c be b(2). Suppose c + 36 = 3*d. What are the prime factors of d?
3, 7
Suppose -3*q - o = -18082, 2*o = -4*q + 4*o + 24106. What are the prime factors of q?
3, 7, 41
Let v = 13 - 10. Suppose y + 3*y = 0, 0 = -5*j - v*y + 625. List the prime factors of j.
5
Let z = 1 - 0. Suppose 18 = 5*m + x, -27 = -5*m + 4*x + z. List the prime factors of m.
2
Let p = 12 - 23. Let g be 2/(-2) + 286/p. Let v = 40 + g. What are the prime factors of v?
13
Suppose 0 = 41*x + 17*x - 58928. What are the prime factors of x?
2, 127
Suppose 4*h = h + 156. Suppose -3*x - m = -h + 21, 4*x - 3*m - 37 = 0. List the prime factors of 434/10 + x/(-25).
43
Suppose 2*i + 5568 = 6*i + 3*j, 0 = -2*i - j + 2782. List the prime factors of i.
3, 463
Suppose -2 = -2*m + 10. Let s(r) = -12*r + m + 18*r - 3. List the prime factors of s(2).
3, 5
Suppose -8*f - 3*i - 67 = -3*f, -5*f - 2*i = 63. Let l(w) = w**2 + 7*w - 16. List the prime factors of l(f).
2, 7
Suppose -36 = -5*w - 3*f, 1 - 3 = -w + 2*f. Let l(c) = -c**2 + 127. Let x be l(0). Suppose w = 2*j, 5*b - 5*j = -4*j + x. What are the prime factors of b?
2, 13
Suppose 12*j - 4*i = 16*j - 1476, -1844 = -5*j - 4*i. List the prime factors of j.
2, 23
Suppose 0 = -2185*v + 2179*v + 18246. List the prime factors of v.
3041
List the prime factors of 67/((-5 - -9)/12).
3, 67
Let k(w) = -180*w - 59. What are the prime factors of k(-17)?
3001
Suppose -i - 4 + 32 = -5*r, -4*i = -r - 36. Let z(u) = u**2 - 2*u - 14. List the prime factors of z(i).
2, 17
Let n(s) be the second derivative of 7*s + 0 - 1/2*s**3 - 4*s**2. List the prime factors of n(-5).
7
Suppose 0*h - 5*f = 4*h - 28, f = h + 2. Suppose -3*y - o - 1 = -9, -3*o - 9 = -h*y. What are the prime factors of 53 - ((0 - 1) + y)?
3, 17
Let h(w) = 2*w**2 - 3*w - 8. Let o(z) = -3*z**2 + 2*z + 8. Let g(a) = -5*h(a) - 4*o(a). List the prime factors of g(-4).
2, 3
Suppose 2*x + 3*x - 15 = 0. Suppose 0*h - b = 3*h - 186, -5*b - 168 = -x*h. Let n = h + -33. List the prime factors of n.
2, 7
Let m(i) = 12*i - 148. List the prime factors of m(17).
2, 7
Let j(y) = 17*y + 80. What are the prime factors of j(19)?
13, 31
Let w be (-9)/3 + 1*46. Suppose 4*n + 4*h - 5*h - w = 0, h = -4*n + 37. Suppose u = -0*u - 5*k + n, -2*k = -4*u + 128. List the prime factors of u.
2, 3, 5
Let r = -460 - -964. List the prime factors of r.
2, 3, 7
What are the prime factors of (24/(-21))/(-4) + (-7262)/(-14)?
3, 173
Let s(q) = 3*q - 14. Let w be s(6). Suppose 22 = 2*y - n, 0*y - 2*y = -w*n - 16. What are the prime factors of ((-68)/(-6))/(y/18)?
17
Suppose 52*d = 40*d + 14916. List the prime factors of d.
11, 113
Let l(m) = -100 + 36*m**2 + 100. List the prime factors of l(1).
2, 3
Suppose -3*s - 3*j + 7 = -4*s, 0 = 3*s - j - 19. What are the prime factors of s?
2
Let n be 2*3/((-15)/(-2965)). Suppose 614 + n = 6*g. Suppose -8*i + g = 60. List the prime factors of i.
2, 3, 5
Suppose -3*j - 26 = 13. Let d = j + 41. List the prime factors of d.
2, 7
Let v = -30 - -37. Suppose v*u + 0*u - 546 = 0. List the prime factors of u.
2, 3, 13
Let j be ((-8)/6)/(20/330). Let s = j + 24. List the prime factors of s.
2
Let g = -79 + 54. Let h = 42 - g. List the prime factors of h.
67
Let r = 14 + -10. Suppose 2*m = r*m - 30. Let u = m + 0. List the prime factors of u.
3, 5
Let y(o) = -o**3 + 27*o**2 - 49*o - 39. What are the prime factors of y(21)?
2, 3, 263
Suppose -13272 - 5846 = -4*k + 3*s, -5*k - 2*s + 23886 = 0. List the prime factors of k.
2, 2389
Suppose 0 = -5*o - 3*o + 352. What are the prime factors of o?
2, 11
Let p(u) = 3*u**3 + 18*u - 26. What are the prime factors of p(7)?
1129
Suppose -865 - 753 = -2*s + 3*d, 4 = -d. List the prime factors of s.
11, 73
Let w(u) = u**3 + 6*u**2 + u + 11. Let a be w(-6). Suppose -3*v - 2 = -r, -6 = -5*r + 2*r + 2*v. Let f = r + a. List the prime factors of f.
7
Let z be (-7 + 1)*(-2)/4. Suppose -z*i + 2*n = -190, 72 - 287 = -4*i - 5*n. Let h = i + -30. List the prime factors of h.
2, 3, 5
Suppose 5*s - 869 - 1202 = -4*i, -s = -i + 529. What are the prime factors of i?
2, 131
Let g(o) = -o**3 + 28*o**2 - 64*o + 50. What are the prime factors of g(25)?
5, 13
Let v(z) = -z**3 - 5*z**2 - 8*z - 7. Let h be v(-4). Suppose 53 = 10*q - h*q. What are the prime factors of q?
53
Let w = -148 + 70. Let k = w - -109. What are the prime factors of k?
31
Suppose 0 = -4*d + 83 - 15. Let z = d + -3. Suppose 0 = 6*a - 404 + z. What are the prime factors of a?
5, 13
Let o(w) = -2*w**3 + 81*w**2 + 32*w - 20. List the prime factors of o(40).
2, 5, 11, 13
Let l be (-27)/18*8/6. What are the prime factors of 8060/100 - l/5?
3
Suppose -g + 2*c + 686 = -153, c - 4195 = -5*g. Suppose -5*b - 2*o = 